6*s**3 + 1/20*s**5 - 1/3*s**4 + s + 0. Determine w(c).
3
Let q(w) be the second derivative of -w**5/20 - w**4/12 + w**2/2 - 2*w. Let l(x) = x**3 + 7*x**2 - x - 5. Let i(k) = -l(k) - 2*q(k). Determine i(5).
8
Let o(g) = -1595*g - g**2 - 4 + 2*g**2 + 1589*g. Determine o(6).
-4
Let c(i) be the second derivative of -i**3/2 + i**2 + 2*i. Determine c(2).
-4
Let b(l) be the second derivative of -l**4/12 - l**3/6 - 2*l**2 + 10*l. Calculate b(0).
-4
Let l be 2/6 - 10/(-6). Let c(a) = 0*a - 10*a - l + 3 + 0*a. Calculate c(1).
-9
Let p(f) = -f**3 - 2*f**2 + 2*f - 1. Let z be p(1). Let x be (1 + 5)*(-2)/z. Let k(v) = v. Give k(x).
6
Let l be (-288)/168 + (-4)/14. Let j(x) = x**2 + 4*x + 5. Give j(l).
1
Let m(x) be the first derivative of x**3/3 - 3*x**2/2 - 2*x + 15. What is m(5)?
8
Suppose -4*x - 7 = -2*y + 5, -5*y + 4*x = -12. Suppose -2*l + f + 15 = 3*l, 3*l - 4*f = 9. Let b(u) = u - 2*u**3 + 0*u**l + u**3. Give b(y).
0
Suppose 2*o + 0*o = -12. Let w(f) = 13*f + 15. Let l(x) = 9*x + 10. Let z(c) = 7*l(c) - 5*w(c). What is z(o)?
7
Let z(j) = -11*j + 1. Suppose 5 = 3*a + 4*h - 6*h, -4 = 2*a - 5*h. Suppose 0 = -6*f + 3*f - 15, -5*n = -a*f - 20. What is z(n)?
-10
Let u(s) be the third derivative of s**4/24 - 5*s**3/6 + 2*s**2. Let p be u(8). Let k(c) = -c. Calculate k(p).
-3
Let x(w) be the second derivative of w**4/12 + w**3/6 + 7*w. Give x(2).
6
Let v(d) be the third derivative of -d**6/120 + d**5/60 - d**4/24 - 4*d**3/3 + 2*d**2. Determine v(0).
-8
Let s(m) = m**3 + 2*m**2 - 2*m + 1. Let c be s(2). Suppose c + 11 = 4*y. Let j = y - 10. Let v(a) = -a**3 - 3*a**2 + 6*a + 2. Give v(j).
-6
Let o = -9 - -16. Suppose o*v = 3*v + 2*p + 24, 0 = -4*p - 16. Suppose -30 = -v*r - r + 2*j, 5*j = r - 29. Let f(q) = -q**2 + 4*q - 3. Calculate f(r).
-3
Let j(r) = -r**2 - 13*r - 30. Let h be j(-11). Let m(u) = u**3 + 7*u**2 - 7*u + 11. Calculate m(h).
3
Let l be ((-3)/6)/((-2)/4). Let b(y) be the second derivative of -7*y**5/20 + y**4/12 - y**2/2 - y. Calculate b(l).
-7
Let a(w) = 2*w - 9. Let f be 3 - (1 + 0) - -4. Calculate a(f).
3
Let v(q) = q**2 + 6*q - 5. Let h = 0 + 15. Suppose -5*w = -5*p + h, 0 = 2*w - p + 6*p + 20. What is v(w)?
-10
Let g(n) be the first derivative of n**4/4 - 2*n**3/3 - n**2/2 + n - 21. Calculate g(2).
-1
Let f(v) be the third derivative of v**5/60 + v**4/8 - v**3 + 9*v**2. Calculate f(-5).
4
Let r(x) = -5*x**2 - x - 1. Let p be ((-6)/(-9))/((-28)/6 - -4). What is r(p)?
-5
Let p = 9 + -14. Let o(l) = 21*l**2 - l. Let t(w) = 22*w**2 - w. Let m(n) = p*t(n) + 6*o(n). What is m(1)?
15
Let n(r) = r - 4. Let i be (-28)/(-6) + (-4)/6. Suppose w = 5, -3*o + i*w = -5*o + 28. Determine n(o).
0
Let y(c) = -6*c**2 + 9*c**2 + 0*c + 0*c - 1. Let z be y(1). Let x(f) = -f - 1. Give x(z).
-3
Let b be 3*(2 - 2/2). Let s(d) = 5*d - d**2 + 0*d + 3*d - b*d. Suppose -5 - 5 = -2*x. What is s(x)?
0
Let m(i) = -9*i + 1. Let c(s) = -10*s + 1. Let x(d) = 6*c(d) - 7*m(d). Let z be 4/(-3)*18/(-4). Suppose 4*f + 2*f + z = 0. What is x(f)?
-4
Let c(g) = g**3 - 2*g**2 - 3*g + 1. Let d = -11 - -14. Calculate c(d).
1
Let m(g) = 7*g + 5 - 1 - 4*g - 2*g. Calculate m(-5).
-1
Let t(n) = 3*n**2 - 4*n + 3. Let h be 36/15 - 10/25. Suppose -s + 5*u - 23 + 0 = 0, -h*u = -s - 8. Give t(s).
7
Let k(h) = -h**2 + 6*h - 1. Suppose 3*t = -p + 1, 4*p = p + t + 13. Calculate k(p).
7
Let b(o) = -3*o**3 - 23*o**2 + 17*o + 26. Let w(n) = n**3 + 8*n**2 - 6*n - 9. Let t(u) = -4*b(u) - 11*w(u). What is t(-4)?
3
Let k(n) = -n - 2. Let w(m) = 2*m - 8. Let t be w(5). Calculate k(t).
-4
Let k(l) = 22 + 21 - 45 - l**2 + 0*l**2 - 9*l. What is k(-8)?
6
Let u(n) be the first derivative of n + 3/2*n**2 - 2. What is u(2)?
7
Let w(y) = y - 5. Let a be (-2)/(-5) + (-198)/(-55). Let v be 2/((-2)/(-5)) + 1. Suppose -v*q = -a*q. Give w(q).
-5
Let x be 6/15 - (-4)/(-10). Suppose -o = -x + 4. Let v = o + 3. Let z(b) = 9*b + 1. Calculate z(v).
-8
Let r(g) be the third derivative of 1/12*g**4 + 0 + 0*g - 3*g**2 + 0*g**3. Calculate r(2).
4
Let r(n) be the second derivative of 0*n**2 + 0 - 1/10*n**5 - 1/6*n**3 - 1/4*n**4 - 2*n. Give r(-2).
6
Let c be 6 - ((8/4 - 4) + 3). Let s(o) = -o + 1. Give s(c).
-4
Let c(p) = 2*p**3 - 18*p**2 - 5*p - 26. Let s(j) = -j**3 + 9*j**2 + 3*j + 13. Let n(h) = -6*c(h) - 13*s(h). Give n(10).
-3
Let l(o) be the first derivative of -6*o**3 + o**2 + o - 37. What is l(-1)?
-19
Suppose t = -4*x + 9, 5*x - 5*t = -3*t + 8. Suppose 0 = x*c + 10 - 2. Let l be -2 + 3/6*c. Let v(q) = -q - 5. Calculate v(l).
-1
Let w(b) = 6*b - 3*b - 2*b + 2*b**2 + b**3 - 3*b. Calculate w(-3).
-3
Let z(o) = o**3 - 3*o**2 - 6*o + 2. Let k be z(4). Let q be ((-7)/(-14))/(1/k). Let h(f) = -2*f + 1. Give h(q).
7
Let q = 3 + -3. Let p(d) = d**2 + d - 1. Let z(v) = -v**2 - 3*v - 5. Let j(o) = -2*p(o) - z(o). Determine j(q).
7
Let c be (1 - 1)/(-5 - -3). Suppose c*m = 3*m - 6. Let q(g) = 3*g - 4*g**2 + 5*g**2 + m + 0*g**2. Determine q(-2).
0
Suppose 0 = -o + 7 - 8. Let a(r) = -16*r**2 - 1. What is a(o)?
-17
Let q(m) = -4 + m**3 + 0*m**3 - 4*m + 4*m**2 + 4*m - 3*m. Suppose -3*z - z = 16. Calculate q(z).
8
Suppose q + 71 = 72. Let k(j) = 23*j**2 + 2*j - 1. What is k(q)?
24
Let z(j) = -4*j**2 + j + 1. Let t be z(-1). Let y be (6 - 1) + -3 + 0. Let o(l) = l + 1 + l + y. What is o(t)?
-5
Let r(w) = -1. Let p be 2*(1/(-1) - 0). Let j(x) = -5*x + 3. Let n(y) = p*r(y) - j(y). Calculate n(2).
9
Let l(f) = -f**2 + 11*f + 2. Let g be l(11). Let r(i) = -4 + 0*i + i - i**g - 2*i + 1. What is r(0)?
-3
Let u(v) = v**2 - 2*v - 2. Let t be u(-3). Suppose b = -3*x + t, -2*b + 3*x = -x + 4. Suppose -4*k + 4 = 4*q, 6 = q + b. Let r(l) = l. What is r(k)?
-1
Let p(h) = 1. Let k(i) be the second derivative of 2*i + 0 - 2/3*i**3 + 3/2*i**2. Let r(s) = k(s) - 2*p(s). Determine r(-2).
9
Let b(g) = -g**2 - 9*g - 3. Let y = 0 - 8. Determine b(y).
5
Let u(g) = -g**3 + 7*g**2 + g - 2. Let f(t) = t**2 - 2*t + 1 + 6 - 5*t - 4*t. Let v be f(11). Give u(v).
5
Suppose -4 = -3*w + 5. Let l(t) = 4 + t**2 - 3*t - 3*t - 4*t + 2*t. Calculate l(w).
-11
Let b(l) = l**3 - 5*l**2 + 5*l + 1. Let d(o) = -2*o**3 + 4*o**2 - 4*o - 1. Let p(a) = 3*b(a) + 4*d(a). Calculate p(-1).
6
Let v be ((-3)/(-2))/(2/(-4)). Let c = v - 3. Let j(u) = -u**2 - 7*u - 3. Give j(c).
3
Suppose -20 = -2*n - 2*n. Let y(b) = 20*b + 3. Let p(j) = -7*j - 1. Let f(u) = -u**3 - 4*u**2 + 3. Let x be f(-3). Let z(d) = x*y(d) - 17*p(d). Give z(n).
-6
Let c(x) = x**2 - x - 1. Let u(y) = -6*y**2 + 6*y + 5. Let o(f) = -5*c(f) - u(f). Calculate o(0).
0
Let d(g) = -g**2 + 6*g + 6. Let i(f) = f. Let m(j) = -d(j) + 2*i(j). Calculate m(6).
6
Suppose -3*a + 3 = -3. Suppose -5 + 17 = -a*x. Let w(h) = -2*h - 6. Calculate w(x).
6
Let s(r) = -r**3 + 14*r**2 - 13*r + 6. Let b be s(13). Let n = 0 - b. Let g(i) = i**2 + 6*i + 4. What is g(n)?
4
Let b(d) = -2*d - 9. Let k = -14 + 8. What is b(k)?
3
Let a(p) = 4*p - 2. Let g(w) = w + 26. Let h be g(-21). Give a(h).
18
Let c(p) = -1 + 1 - 22*p + 4 + 19*p. Calculate c(3).
-5
Let k(s) = -5 + s - s**3 - 5*s + 2*s**3 + 3*s**2. Let o = 17 - 21. Calculate k(o).
-5
Let p = 1 + -7. Let h be 2/p*(-4 + -2). Let j(o) = 2*o**h + 2*o + 2*o**2 + 4 + o**3 - o. Give j(-4).
0
Let j(v) = 2*v + 1. Let m be 6/(-2) + (-1 - 1). Calculate j(m).
-9
Let y be -4 - (4/(-1) - -8). Let z(m) = m + 4. Let i be z(y). Let c(a) = -a**2 - 3*a - 1. Give c(i).
-5
Let j(m) be the first derivative of -m**4/4 - m**2/2 + 3*m + 1. Let y be (24/(-20))/((-2)/5). Suppose -3*z - 6 = y*w, -3*z + 5*w = -2*z - 10. Determine j(z).
3
Let c = -3 + 7. Let p(o) be the second derivative of -o**6/120 + o**5/15 + o**3/6 + 3*o**2/2 - 4*o. Let m(t) be the first derivative of p(t). Calculate m(c).
1
Suppose -7*i = 4*i - 44. Let v(g) = 2*g. Let d(b) = -8*b - 1. Let a(t) = 2*d(t) + 9*v(t). What is a(i)?
6
Let x be -9*2*6/(-4). Suppose 0 = -4*v + 6*v - 4*c - 26, 3*c + x = 4*v. Suppose 2*t + v*g = -t, 12 = -3*t + 3*g. Let y(s) = s**2 + 3*s + 3. What is y(t)?
1
Let y(t) = 3*t**2 + 3*t - 4. Suppose 5*w + 9 = h - 6, -5*h + 15 = -5*w. What is y(w)?
14
Suppose 3*q - z - 19 = 0, 26 = -0*q + 2*q - 4*z. Let c(t) = 7*t**2 + 4*t - 2. Let l(a) = a**2 + a. Let g(x) = q*l(x) - c(x). What is g(2)?
-4
Let d(r) = 7*r + 9. Let f(j) = 3*j + 4. Let q(h) = 6*d(h) - 13*f(h). Give q(-4).
-10
Suppose 0*p - 3*w = -3*p, -w - 20 = -5*p. Let m(k) = -k + 6. 